. Determine p(f).
6
Suppose -2*y = -0*y - 12. Let h(m) = 2*m - y + 4*m - 7*m + 2. Suppose 0*i - 4*o = 3*i + 19, 0 = -2*o - 2. Give h(i).
1
Let o(k) = k + 1 + 2*k**2 - 27*k**3 + 0*k + 2*k + 28*k**3. Suppose 5*l = 2 + 3. Suppose h + l = -2. Calculate o(h).
-17
Let i(y) = 2*y**2 + 2. Let o(f) = -7*f**2 - 5*f + 9. Let b(j) = 3*i(j) + o(j). Calculate b(3).
-9
Let x = -2 + 2. Let o be (-2 + x)*(3 + -1). Let h(f) = -f**2 - 4*f + 1. Calculate h(o).
1
Suppose -121 = 60*p + 119. Let t(f) be the third derivative of f**7/2520 + f**6/144 - f**5/30 + f**2. Let k(r) be the third derivative of t(r). Give k(p).
-3
Let r(l) = -3*l + 20. Let q(h) = -h**3 - h**2 + 5*h + 3. Let k be q(-3). Let x be r(k). Let u(c) = c**3 + c**2 - 3*c + 3. Calculate u(x).
9
Let x be (6 + -1 + -2)*1. Let y(h) = -h**3 + 4*h**2 - h - 4. Determine y(x).
2
Let n(k) = 7*k**2 - 25*k - 5. Let x(i) = 32*i**2 - 99*i - 22. Let p(c) = 9*n(c) - 2*x(c). What is p(-27)?
-1
Let u(z) be the second derivative of -z**4/4 - z**3/3 - z**2 - z + 8. Give u(-2).
-10
Let l(i) = 0 + 1 + 3*i + 0*i. Let q be ((-14)/28)/((-3)/6). Calculate l(q).
4
Let z(o) = -o**2 + 9*o + 3. Let n = 17 + -15. Suppose 0 = -4*f - 2*t + 46, f + 0*t - n*t = -1. What is z(f)?
3
Let s(f) = 2*f - 2*f - 3 + 1 - 2*f. Let r(z) = -z - 11. Let u be r(-13). Suppose -u*i - j = 15, -11 - 10 = 4*i - j. Determine s(i).
10
Suppose -9*q = -18 - 18. Let z(b) = 5*b + 4. Determine z(q).
24
Suppose 4 = -h + 8. Suppose 4*g = -0 - h. Let v be (-1)/((-1)/(-6)) + g. Let m(l) = -l**3 - 6*l**2 + 8*l + 8. Calculate m(v).
1
Let k(l) = 3*l**2 - l - 2. Suppose 0*i - 25 = 5*i. Let m be ((-70)/(-50) - (-2)/i) + 1. What is k(m)?
8
Let p(w) be the third derivative of w**5/60 + w**4/24 - w**3/2 + 22*w**2. Suppose 2*v - 3*h + 6 = -7*h, -h = -2*v - 6. Determine p(v).
3
Let y be (-6 - (25 - 1) - -5) + 7. Let r(g) = g**2 + 16*g - 35. Give r(y).
1
Suppose l + 0*l = 2. Suppose y + l*y = -15. Let f(r) = -15*r + r**3 - 1 + 12*r + 4*r**2 + 5. Give f(y).
-6
Let f = 1 - 1. Let k(q) be the first derivative of q**2/2 + 6*q + 2398. Give k(f).
6
Let o(c) be the third derivative of c**5/60 - c**3 - 24*c**2 - 3. Give o(0).
-6
Let i(u) = -19*u - 7. Let x(j) = 9*j + 3. Let n(g) = -2*i(g) - 5*x(g). Let c = 7 - 12. Let y = -4 - c. Determine n(y).
-8
Let m = 1612 + -1604. Let f(u) = u**2 - 3*u + 2. Determine f(m).
42
Let j(g) = -g**2 - g + 1. Let x(v) = 11*v + 20. Let d = -17 + 5. Let r be x(d). Let m be 6/14 - (-272)/r. Give j(m).
-1
Let k = 9 + -10. Let j(f) be the second derivative of 3*f**5/10 + f**2/2 - 21*f. Calculate j(k).
-5
Let n(s) be the second derivative of s**4/12 + s**3/2 - 9*s**2/2 - 12*s. What is n(-8)?
31
Let x(u) = -18*u + u**2 - 3*u**2 + 21*u - 6 - 26*u. What is x(-11)?
5
Let u(t) = -t**2 - t. Suppose 2*x = -2*f - f + 20, 0 = 3*x - 4*f + 4. Suppose x = 5*h - 1. Give u(h).
-2
Suppose 4*r - 192 + 4 = 2*s, -s - 2*r = 82. Let k be 1/(3 - s/(-28)). Let y(a) be the third derivative of -a**4/24 - 5*a**3/3 + 10*a**2. Determine y(k).
-3
Let y = 1 + 4. Suppose 15 = -y*i, 3*z + 3*i - 27 = -z. Let a(v) = v**2 - 9*v + 7. Calculate a(z).
7
Let z(m) = -2*m**3 + 67*m**2 + 4*m - 77. Let s(c) = c**3 - 33*c**2 - 2*c + 40. Let d(p) = -9*s(p) - 4*z(p). Determine d(29).
6
Let r(k) = -5*k**2 - 7*k - 6. Let h = -11 + 13. Let d(o) = 5 + 6*o - 2 + 4*o**2 + h. Let m(l) = 4*d(l) + 3*r(l). Calculate m(-4).
6
Let d(c) = c**3 - 5*c**2 - 4*c - 10. Let h be d(6). Let o(i) = i + 66 + 73 - h*i**2 - 138. What is o(-1)?
-2
Let t = -3 - -9. Let d(g) = -5*g + 2. Let v(i) = -4*i + 2. Let c = -16 + 12. Let p(h) = c*v(h) + 3*d(h). Give p(t).
4
Let k(d) = -d**2 - 6*d - 4. Let t = 7 - 4. Suppose -3*g + 8 = -2*w, -3*w + t*g = 1 + 5. Let r be w*10*2/(-8). Determine k(r).
1
Let h(v) be the first derivative of 5*v - 1/2*v**2 + 1. Suppose -3*r = -2*g + 10, 65*g - 15 = 62*g + 2*r. Calculate h(g).
0
Let s(d) = -d**3 + 14*d**2 - 30*d - 36. Let k be s(11). Let a(h) = -h**2 - 4*h. Determine a(k).
3
Let x be ((-11)/88)/((-15)/6). Let w(a) be the second derivative of -1/12*a**4 + 0 - 3*a + x*a**5 - 1/2*a**2 - 2/3*a**3. Determine w(3).
5
Let u = -748 + 748. Let n(p) = p - 17. Let f(j) = -1. Let t(o) = -3*f(o) + n(o). Determine t(u).
-14
Let q(r) be the second derivative of r**3/6 + 25*r**2/2 - 20*r - 7. What is q(0)?
25
Suppose -q = h - 7, -7 + 13 = -2*q + 3*h. Let p(n) = -n - 3. Calculate p(q).
-6
Let a(f) be the second derivative of -f**5/20 + 5*f**4/12 + f**3/3 - 5*f**2/2 - 19*f. Let t = -2 + 0. Let x be 5 - ((-1 - -3) + t). Determine a(x).
5
Let o(w) = -w**3 - 6*w**2 - 3*w + 5. Suppose 111 = -3*k + 96. Calculate o(k).
-5
Suppose 4*w + 2 = 2. Let a be -1*(-3 + 2) + w. Let i(k) = -2*k + 1. Determine i(a).
-1
Let r(c) be the third derivative of 0 + 0*c - 1/24*c**4 + 7/3*c**3 - 8*c**2. Determine r(0).
14
Let j be 4/(-1) + 9 - (-147)/7. Let x(v) = -v**2 + 26*v - 1. What is x(j)?
-1
Let m(f) = 6*f + 21. Let w be 1 + -2 - (-110)/(-22). Calculate m(w).
-15
Let b(y) be the third derivative of 0*y + 35*y**2 + 1/3*y**3 - 1/60*y**5 + 0 + 5/24*y**4. What is b(4)?
6
Let g = -60 + 68. Let y(j) = -j**3 + 9*j**2 - 9*j + 11. Determine y(g).
3
Let m(u) = u + 6. Let n be ((-5)/(-3))/(130/468). Determine m(n).
12
Let p(z) = -z**2 + 15*z - 7. Let b(u) = 2*u**2 - 44*u + 19. Let x(n) = 6*b(n) + 17*p(n). Calculate x(-2).
-7
Let t(i) = 2*i**3 + 18*i**2 + 8*i + 7. Let k(r) = -r**3 - 9*r**2 - 3*r - 4. Let l(y) = 5*k(y) + 3*t(y). What is l(-8)?
-7
Let o(u) = -4*u**2 + u - 1. Let y(h) = -9*h**2 - h - 9. Let z(x) = 2*o(x) - y(x). Give z(-4).
11
Let z = 23 - 27. Let h(x) = -5 - 4*x + 27*x - 14*x - 8*x. Calculate h(z).
-9
Let r(v) = -v**2 - 8 - 4*v + 4*v - 8*v. Let b(m) = -1 - 7*m**2 - 175*m - 2*m**2 + 2*m**2 + 164*m. Let t be b(-2). Determine r(t).
-1
Let p(z) = 5*z**2 + 17*z - 9. Let o(a) = 4*a**2 + 16*a - 7. Let t(r) = 6*o(r) - 5*p(r). Calculate t(6).
33
Let g = -447 + 437. Let v(d) = d + 17. What is v(g)?
7
Suppose 2*l = -2*n + 12, -3*l - 5*n + n = -19. Let s(d) be the third derivative of d**6/120 - d**5/10 + d**4/12 + 2*d**3/3 + 214*d**2. Give s(l).
-11
Let t(r) = 22*r**2 + 5*r + 11. Let h(d) = -7*d**2 - 2*d - 4. Let k(g) = 8*h(g) + 3*t(g). Suppose 3*p + 0 + 60 = 0. Let q be 2/8 - 15/p. Give k(q).
10
Let y = -57 + 58. Let l(r) be the first derivative of -1/2*r**2 - 3/4*r**4 + r - 1 - 1/3*r**3. Give l(y).
-4
Let x(p) = 4 - p + p**3 - 2*p + 263*p**2 - 269*p**2. Suppose -2*o - 3*v = -9, 3*v - 5 = 4. Suppose -3*r + 3 = o, -25 = 4*h - 9*h + 5*r. Determine x(h).
-14
Let s(i) = -14*i - 44. Let x(m) = 9*m + 30. Let k(d) = 5*s(d) + 8*x(d). What is k(-8)?
4
Suppose -i - 16 = 3*w, -5*i + 2*w - 26 = -2*i. Let b = -7 - i. Let f(o) be the first derivative of -o**2 + o + 53. Determine f(b).
-5
Let w(m) = m**3 - 4*m**2 - 4*m - 2. Let z(j) = j**3 + 11*j**2 + 9*j - 9. Let r be z(-10). Suppose r = -i + o + 3, -3*o + 24 = 3*i. Give w(i).
3
Suppose -36*c + 227 = 587. Let i(s) = s**3 + 11*s**2 + 8*s - 3. Calculate i(c).
17
Suppose 0 = 4*j - 2*w - w - 136, -2*j + 68 = 4*w. Let n = j - 39. Let c(i) = i + 3. Determine c(n).
-2
Let i(s) = s - s + 0*s - s. Let t = 6 + -5. Determine i(t).
-1
Let l(u) = -3*u + 3*u - 4 - u + 2*u. Suppose 3*k + 3 = 12. Give l(k).
-1
Let l = 3 + -6. Let h be (1 - 0) + (-6 - l). Let s(o) = -11*o**2 - 2 + 7*o**2 - 7*o**2 + 13*o**2 + o**3. Calculate s(h).
-2
Let j(q) = q**3 + 9*q**2 + q + 9. Suppose -3*g - 29 = -2*o + o, -4*g + 3*o - 42 = 0. Calculate j(g).
0
Let d(l) = -l - l**3 + 3 - 188*l**2 + 4*l + 191*l**2. Determine d(-2).
17
Let a(c) = -c**3 - c**2 + c - 1. Suppose 4*x + 5 = -5*t - 18, 0 = 2*x + 2*t + 10. Let w be a(x). Let k(y) = 5*y**2 + 1. Give k(w).
6
Let f be 134/(-6) - (-2)/(-18)*-3. Let n = 35 + -19. Let x = f + n. Let s(d) = d**2 + 8*d - 2. Calculate s(x).
-14
Let o = -2 + -1. Let s(q) = 4*q + 4 + 5*q**3 + 5*q + 12*q**2 - 9*q**2 - 2. Let k(t) = -t**3 - t**2 - t. Let l(j) = -6*k(j) - s(j). Determine l(o).
7
Let s(q) = -5*q - 28. Let c be (12/18)/(2/(-36)*2). Let y be s(c). Let p(g) = -g**3 + 2*g - 1. Give p(y).
-5
Let p(o) = -o**3 - 10*o**2 - 10*o - 9. Suppose -5*u - 3*y + y - 45 = 0, 3*y = -3*u - 27. What is p(u)?
0
Let v be 4 - (-13 + (7 - 4)). Let z be (-4)/3*21/v. Let a be (z - -1)/((-10)/40). Let o(g) = 3*g - 6. Determine o(a).
6
Let p(z) be the third derivative of z**5/60 + 3*z**4/8 + 17*z**3/6 - 39*z**2 + 4*z. Give p(-5).
